{"id":12916,"date":"2020-11-10T14:54:57","date_gmt":"2020-11-10T13:54:57","guid":{"rendered":"https:\/\/www.epicerie-lasource.org\/magasin\/?post_type=product&#038;p=12916"},"modified":"2026-05-04T16:14:41","modified_gmt":"2026-05-04T14:14:41","slug":"boisson-a-lavoine-the-bridge-bio-1l","status":"publish","type":"product","link":"https:\/\/www.epicerie-lasource.org\/magasin\/produit\/boisson-a-lavoine-the-bridge-bio-1l\/","title":{"rendered":"Boisson \u00e0 l avoine The Bridge bio* 1l"},"content":{"rendered":"","protected":false},"excerpt":{"rendered":"<p>Boisson v\u00e9g\u00e9tale bio \u00e0 l&rsquo;avoine \u00e0 base d&rsquo;avoine sans gluten issu de l&rsquo;agriculture biologique et d&rsquo;eau de source. Le lait d&rsquo;avoine bio The Bridge est certifi\u00e9 sans lactose, sans gluten, sans sucres ajout\u00e9s, 100% vegan. Le lait d&rsquo;avoine The Bridge est une excellente alternative au lait de vache dans la pr\u00e9paration de vos boissons, desserts et de vos plats.<\/p>\n<p>Le lait d&rsquo;avoine bio s&rsquo;utilise avec tous types d&rsquo;ingr\u00e9dients. Il permet de r\u00e9aliser des boissons chaudes ou froides, des desserts, ou encore des plats sal\u00e9s pour votre offre du midi et ou du soir. Le lait d&rsquo;avoine sera parfait pour pr\u00e9parer des lattes surperfood, les golden milk (curcuma latte), les matcha latte ou frapp\u00e9s. Le lait d&rsquo;avoine sa marie \u00e0 merveille avec le caf\u00e9 ou encore les chocolats chauds.<\/p>\n<p>Conditions de conservation :<br \/>\n\u00c0 conserver au sec et \u00e0 l&rsquo;abri de la chaleur. Bien agiter avant l&#8217;emploi. \u00c0 conserver dans le r\u00e9frig\u00e9rateur apr\u00e8s ouverture et a consommer dans les 4-5 jours.<\/p>\n<p>Composition :<br \/>\nAvoine bio (14 %), Sel marin, Huile de tournesol bio, Eau de source, Huile de carthame bio.<\/p>\n","protected":false},"featured_media":24577,"comment_status":"closed","ping_status":"closed","template":"","meta":[],"product_cat":[22,678],"product_tag":[],"supplier_id":23768,"supplier_sku":"","atum_controlled":true,"out_stock_date":null,"out_stock_threshold":null,"inheritable":false,"inbound_stock":0,"stock_on_hold":3,"sold_today":0,"sales_last_days":6,"out_stock_days":0,"lost_sales":0,"has_location":false,"update_date":"2026-05-05T22:30:51","atum_locations":[],"atum_stock_status":"onbackorder","restock_status":false,"low_stock_amount":"","sales_update_date":"2026-05-05T22:30:51","calc_backorders":-125,"_links":{"self":[{"href":"https:\/\/www.epicerie-lasource.org\/magasin\/wp-json\/wp\/v2\/product\/12916"}],"collection":[{"href":"https:\/\/www.epicerie-lasource.org\/magasin\/wp-json\/wp\/v2\/product"}],"about":[{"href":"https:\/\/www.epicerie-lasource.org\/magasin\/wp-json\/wp\/v2\/types\/product"}],"replies":[{"embeddable":true,"href":"https:\/\/www.epicerie-lasource.org\/magasin\/wp-json\/wp\/v2\/comments?post=12916"}],"wp:featuredmedia":[{"embeddable":true,"href":"https:\/\/www.epicerie-lasource.org\/magasin\/wp-json\/wp\/v2\/media\/24577"}],"wp:attachment":[{"href":"https:\/\/www.epicerie-lasource.org\/magasin\/wp-json\/wp\/v2\/media?parent=12916"}],"wp:term":[{"taxonomy":"product_cat","embeddable":true,"href":"https:\/\/www.epicerie-lasource.org\/magasin\/wp-json\/wp\/v2\/product_cat?post=12916"},{"taxonomy":"product_tag","embeddable":true,"href":"https:\/\/www.epicerie-lasource.org\/magasin\/wp-json\/wp\/v2\/product_tag?post=12916"}],"curies":[{"name":"wp","href":"https:\/\/api.w.org\/{rel}","templated":true}]}}