{"id":12375,"date":"2020-10-15T11:44:18","date_gmt":"2020-10-15T09:44:18","guid":{"rendered":"https:\/\/www.epicerie-lasource.org\/magasin\/?post_type=product&#038;p=12375"},"modified":"2026-03-26T15:28:48","modified_gmt":"2026-03-26T14:28:48","slug":"tisane-allie-detox-bio-sol-a-sol-50-gr","status":"publish","type":"product","link":"https:\/\/www.epicerie-lasource.org\/magasin\/produit\/tisane-allie-detox-bio-sol-a-sol-50-gr\/","title":{"rendered":"Tisane Alli\u00e9 D\u00e9tox Bio Sol \u00e0 Sol 100gr"},"content":{"rendered":"","protected":false},"excerpt":{"rendered":"<p>Tisane Alli\u00e9 D\u00e9tox Bio Sol \u00e0 Sol 50 g<\/p>\n<div class=\"wpb_row vc_row vc_row-fluid mk-fullwidth-false attched-false js-master-row mk-grid mk-in-viewport\" data-mk-stretch-content=\"true\">\n<div class=\"vc_col-sm-6 wpb_column column_container _ height-full\">\n<div class=\"wpb_row vc_inner vc_row vc_row-fluid attched-false \">\n<div class=\"wpb_column vc_column_container vc_col-sm-12\">\n<div class=\"vc_column-inner \">\n<div class=\"wpb_wrapper\">\n<div class=\" vc_custom_1594738121447\">\n<div id=\"text-block-8\" class=\"mk-text-block \">\n<p>Ingr\u00e9dients : citronnelle*, rooibos vert*, mat\u00e9 vert*, th\u00e9 vert* feuilles de framboisier* .<\/p>\n<p><em>*Issu de l\u2019agriculture biologique. <\/em><\/p>\n<\/div>\n<\/div>\n<\/div>\n<\/div>\n<\/div>\n<\/div>\n<\/div>\n<\/div>\n<div class=\"wpb_row vc_row vc_row-fluid mk-fullwidth-false attched-false js-master-row mk-grid mk-in-viewport\" data-mk-stretch-content=\"true\">\n<div class=\"vc_col-sm-12 wpb_column column_container _ height-full\">\n<div class=\"clearboth\"><\/div>\n<\/div>\n<\/div>\n<div class=\"wpb_row vc_row vc_row-fluid mk-fullwidth-false attched-false js-master-row mk-grid mk-in-viewport\" data-mk-stretch-content=\"true\">\n<div class=\"vc_col-sm-4 wpb_column column_container _ height-full\">\n<div class=\"wpb_row vc_inner vc_row vc_row-fluid attched-false \">\n<div class=\"wpb_column vc_column_container vc_col-sm-12\">\n<div class=\"vc_column-inner \">\n<div class=\"wpb_wrapper\">\n<div class=\" vc_custom_1547213259031\">\n<div id=\"text-block-17\" class=\"mk-text-block \">\n<div class=\"subtitulo\">MODE DE PR\u00c9PARATION<\/div>\n<div class=\"clearboth\"><\/div>\n<\/div>\n<\/div>\n<div class=\" vc_custom_1548278708383\">\n<div id=\"text-block-18\" class=\"mk-text-block \">\n<p>\u00b7 Laisser infuser 3 minutes, selon les go\u00fbts.<br \/>\n\u00b7 Utiliser deux cuiller\u00e9es par tasse.<br \/>\n\u00b7 Verser l\u2019eau fr\u00e9missante.<br \/>\n\u00b7 L\u2019eau ne doit pas bouillir afin de pr\u00e9server l\u2019ar\u00f4me et les propri\u00e9t\u00e9s du mat\u00e9, th\u00e9 ou infusion.<\/p>\n<\/div>\n<\/div>\n<\/div>\n<\/div>\n<\/div>\n<\/div>\n<\/div>\n<\/div>\n","protected":false},"featured_media":24946,"comment_status":"closed","ping_status":"closed","template":"","meta":[],"product_cat":[180,714],"product_tag":[],"supplier_id":23768,"supplier_sku":"","atum_controlled":true,"out_stock_date":null,"out_stock_threshold":null,"inheritable":false,"inbound_stock":0,"stock_on_hold":0,"sold_today":0,"sales_last_days":0,"out_stock_days":0,"lost_sales":0,"has_location":false,"update_date":"2026-05-02T22:27:57","atum_locations":[],"atum_stock_status":"instock","restock_status":false,"low_stock_amount":"","sales_update_date":"2026-05-02T22:27:57","calc_backorders":null,"_links":{"self":[{"href":"https:\/\/www.epicerie-lasource.org\/magasin\/wp-json\/wp\/v2\/product\/12375"}],"collection":[{"href":"https:\/\/www.epicerie-lasource.org\/magasin\/wp-json\/wp\/v2\/product"}],"about":[{"href":"https:\/\/www.epicerie-lasource.org\/magasin\/wp-json\/wp\/v2\/types\/product"}],"replies":[{"embeddable":true,"href":"https:\/\/www.epicerie-lasource.org\/magasin\/wp-json\/wp\/v2\/comments?post=12375"}],"wp:featuredmedia":[{"embeddable":true,"href":"https:\/\/www.epicerie-lasource.org\/magasin\/wp-json\/wp\/v2\/media\/24946"}],"wp:attachment":[{"href":"https:\/\/www.epicerie-lasource.org\/magasin\/wp-json\/wp\/v2\/media?parent=12375"}],"wp:term":[{"taxonomy":"product_cat","embeddable":true,"href":"https:\/\/www.epicerie-lasource.org\/magasin\/wp-json\/wp\/v2\/product_cat?post=12375"},{"taxonomy":"product_tag","embeddable":true,"href":"https:\/\/www.epicerie-lasource.org\/magasin\/wp-json\/wp\/v2\/product_tag?post=12375"}],"curies":[{"name":"wp","href":"https:\/\/api.w.org\/{rel}","templated":true}]}}

Tisane Allié Détox Bio Sol à Sol 100gr

<p>Tisane Allié Détox Bio Sol à Sol 50 g</p>
<div class="wpb_row vc_row vc_row-fluid mk-fullwidth-false attched-false js-master-row mk-grid mk-in-viewport" data-mk-stretch-content="true">
<div class="vc_col-sm-6 wpb_column column_container _ height-full">
<div class="wpb_row vc_inner vc_row vc_row-fluid attched-false ">
<div class="wpb_column vc_column_container vc_col-sm-12">
<div class="vc_column-inner ">
<div class="wpb_wrapper">
<div class=" vc_custom_1594738121447">
<div id="text-block-8" class="mk-text-block ">
<p>Ingrédients : citronnelle*, rooibos vert*, maté vert*, thé vert* feuilles de framboisier* .</p>
<p><em>*Issu de l’agriculture biologique. </em></p>
</div>
</div>
</div>
</div>
</div>
</div>
</div>
</div>
<div class="wpb_row vc_row vc_row-fluid mk-fullwidth-false attched-false js-master-row mk-grid mk-in-viewport" data-mk-stretch-content="true">
<div class="vc_col-sm-12 wpb_column column_container _ height-full">
<div class="clearboth"></div>
</div>
</div>
<div class="wpb_row vc_row vc_row-fluid mk-fullwidth-false attched-false js-master-row mk-grid mk-in-viewport" data-mk-stretch-content="true">
<div class="vc_col-sm-4 wpb_column column_container _ height-full">
<div class="wpb_row vc_inner vc_row vc_row-fluid attched-false ">
<div class="wpb_column vc_column_container vc_col-sm-12">
<div class="vc_column-inner ">
<div class="wpb_wrapper">
<div class=" vc_custom_1547213259031">
<div id="text-block-17" class="mk-text-block ">
<div class="subtitulo">MODE DE PRÉPARATION</div>
<div class="clearboth"></div>
</div>
</div>
<div class=" vc_custom_1548278708383">
<div id="text-block-18" class="mk-text-block ">
<p>· Laisser infuser 3 minutes, selon les goûts.<br />
· Utiliser deux cuillerées par tasse.<br />
· Verser l’eau frémissante.<br />
· L’eau ne doit pas bouillir afin de préserver l’arôme et les propriétés du maté, thé ou infusion.</p>
</div>
</div>
</div>
</div>
</div>
</div>
</div>
</div>
