{"id":12272,"date":"2024-12-26T11:01:29","date_gmt":"2024-12-26T10:01:29","guid":{"rendered":"https:\/\/www.epicerie-lasource.org\/magasin\/?post_type=product&#038;p=12272"},"modified":"2026-02-18T20:56:40","modified_gmt":"2026-02-18T19:56:40","slug":"mont-dor-aop-petit-ou-grand","status":"publish","type":"product","link":"https:\/\/www.epicerie-lasource.org\/magasin\/produit\/mont-dor-aop-petit-ou-grand\/","title":{"rendered":"Mont d&rsquo;Or AOP"},"content":{"rendered":"","protected":false},"excerpt":{"rendered":"<p>Fromage au lait cru de vache, \u00e0 p\u00e2te molle, l\u00e9g\u00e8rement press\u00e9e, de consistance cr\u00e9meuse, l\u00e9g\u00e8rement sal\u00e9e.<br \/>\nIl se reconna\u00eet \u00e0 sa cro\u00fbte lav\u00e9e l\u00e9g\u00e8rement \u00ab refleurie \u00bb, de couleur jaune \u00e0 brun clair.<br \/>\nIl est cercl\u00e9 d\u2019une sangle d\u2019\u00e9pic\u00e9a et ins\u00e9r\u00e9 dans une bo\u00eete d\u2019\u00e9pic\u00e9a. La bo\u00eete et la sangle font partie int\u00e9grante des conditions de production de l\u2019appellation.<br \/>\nFromage de forme cylindrique plat fabriqu\u00e9 en France dans la zone AOP Mont d\u2019Or.<br \/>\n(La production du lait, la fabrication et l&rsquo;affinage des fromages doivent \u00eatre effectu\u00e9s \u00e0 une altitude au moins \u00e9gale \u00e0 700 m\u00e8tres dans l&rsquo;aire g\u00e9ographique qui s&rsquo;\u00e9tend le long de la fronti\u00e8re Suisse entre le source du Doubs et le saut du Doubs.)<strong><br \/>\nCe fromage saisonnier est disponible du 10 septembre \u00e0 fin avril<\/strong>.<\/p>\n","protected":false},"featured_media":12273,"comment_status":"open","ping_status":"closed","template":"","meta":[],"product_cat":[25],"product_tag":[],"supplier_id":null,"supplier_sku":"","atum_controlled":false,"out_stock_date":null,"out_stock_threshold":null,"inheritable":false,"inbound_stock":0,"stock_on_hold":0,"sold_today":0,"sales_last_days":2,"out_stock_days":0,"lost_sales":0,"has_location":false,"update_date":"2026-04-28T22:24:41","atum_locations":[],"atum_stock_status":"instock","restock_status":false,"low_stock_amount":"","sales_update_date":"2026-04-28T22:24:41","calc_backorders":null,"_links":{"self":[{"href":"https:\/\/www.epicerie-lasource.org\/magasin\/wp-json\/wp\/v2\/product\/12272"}],"collection":[{"href":"https:\/\/www.epicerie-lasource.org\/magasin\/wp-json\/wp\/v2\/product"}],"about":[{"href":"https:\/\/www.epicerie-lasource.org\/magasin\/wp-json\/wp\/v2\/types\/product"}],"replies":[{"embeddable":true,"href":"https:\/\/www.epicerie-lasource.org\/magasin\/wp-json\/wp\/v2\/comments?post=12272"}],"wp:featuredmedia":[{"embeddable":true,"href":"https:\/\/www.epicerie-lasource.org\/magasin\/wp-json\/wp\/v2\/media\/12273"}],"wp:attachment":[{"href":"https:\/\/www.epicerie-lasource.org\/magasin\/wp-json\/wp\/v2\/media?parent=12272"}],"wp:term":[{"taxonomy":"product_cat","embeddable":true,"href":"https:\/\/www.epicerie-lasource.org\/magasin\/wp-json\/wp\/v2\/product_cat?post=12272"},{"taxonomy":"product_tag","embeddable":true,"href":"https:\/\/www.epicerie-lasource.org\/magasin\/wp-json\/wp\/v2\/product_tag?post=12272"}],"curies":[{"name":"wp","href":"https:\/\/api.w.org\/{rel}","templated":true}]}}

<p>Fromage au lait cru de vache, à pâte molle, légèrement pressée, de consistance crémeuse, légèrement salée.<br />
Il se reconnaît à sa croûte lavée légèrement « refleurie », de couleur jaune à brun clair.<br />
Il est cerclé d’une sangle d’épicéa et inséré dans une boîte d’épicéa. La boîte et la sangle font partie intégrante des conditions de production de l’appellation.<br />
Fromage de forme cylindrique plat fabriqué en France dans la zone AOP Mont d’Or.<br />
(La production du lait, la fabrication et l&rsquo;affinage des fromages doivent être effectués à une altitude au moins égale à 700 mètres dans l&rsquo;aire géographique qui s&rsquo;étend le long de la frontière Suisse entre le source du Doubs et le saut du Doubs.)<strong><br />
Ce fromage saisonnier est disponible du 10 septembre à fin avril</strong>.</p>
