{"id":11800,"date":"2020-09-24T18:23:55","date_gmt":"2020-09-24T16:23:55","guid":{"rendered":"https:\/\/www.epicerie-lasource.org\/magasin\/?post_type=product&#038;p=11800"},"modified":"2026-02-11T09:39:58","modified_gmt":"2026-02-11T08:39:58","slug":"aoc-bordeaux-cotes-de-blaye-rouge-domaine-des-allants-fut-de-chene-bio-75-cl","status":"publish","type":"product","link":"https:\/\/www.epicerie-lasource.org\/magasin\/produit\/aoc-bordeaux-cotes-de-blaye-rouge-domaine-des-allants-fut-de-chene-bio-75-cl\/","title":{"rendered":"AOC Bordeaux Ch\u00e2teau Lagrug\u00e8re cuv\u00e9e essentiel BIO 75 cl"},"content":{"rendered":"","protected":false},"excerpt":{"rendered":"<p>AOC Bordeaux Ch\u00e2teau Lagrug\u00e8re cuv\u00e9e essentiel BIO 75 cl<\/p>\n","protected":false},"featured_media":24604,"comment_status":"closed","ping_status":"closed","template":"","meta":[],"product_cat":[22,473],"product_tag":[],"supplier_id":23768,"supplier_sku":"","atum_controlled":true,"out_stock_date":null,"out_stock_threshold":null,"inheritable":false,"inbound_stock":0,"stock_on_hold":0,"sold_today":0,"sales_last_days":0,"out_stock_days":0,"lost_sales":0,"has_location":false,"update_date":"2026-04-19T22:15:30","atum_locations":[],"atum_stock_status":"onbackorder","restock_status":false,"low_stock_amount":"","sales_update_date":"2026-04-19T22:15:30","calc_backorders":-5,"_links":{"self":[{"href":"https:\/\/www.epicerie-lasource.org\/magasin\/wp-json\/wp\/v2\/product\/11800"}],"collection":[{"href":"https:\/\/www.epicerie-lasource.org\/magasin\/wp-json\/wp\/v2\/product"}],"about":[{"href":"https:\/\/www.epicerie-lasource.org\/magasin\/wp-json\/wp\/v2\/types\/product"}],"replies":[{"embeddable":true,"href":"https:\/\/www.epicerie-lasource.org\/magasin\/wp-json\/wp\/v2\/comments?post=11800"}],"wp:featuredmedia":[{"embeddable":true,"href":"https:\/\/www.epicerie-lasource.org\/magasin\/wp-json\/wp\/v2\/media\/24604"}],"wp:attachment":[{"href":"https:\/\/www.epicerie-lasource.org\/magasin\/wp-json\/wp\/v2\/media?parent=11800"}],"wp:term":[{"taxonomy":"product_cat","embeddable":true,"href":"https:\/\/www.epicerie-lasource.org\/magasin\/wp-json\/wp\/v2\/product_cat?post=11800"},{"taxonomy":"product_tag","embeddable":true,"href":"https:\/\/www.epicerie-lasource.org\/magasin\/wp-json\/wp\/v2\/product_tag?post=11800"}],"curies":[{"name":"wp","href":"https:\/\/api.w.org\/{rel}","templated":true}]}}