{"id":11580,"date":"2025-03-25T13:41:02","date_gmt":"2025-03-25T12:41:02","guid":{"rendered":"https:\/\/www.epicerie-lasource.org\/magasin\/?post_type=product&#038;p=11580"},"modified":"2025-07-23T19:19:05","modified_gmt":"2025-07-23T17:19:05","slug":"terre-de-sommiere-400-gr","status":"publish","type":"product","link":"https:\/\/www.epicerie-lasource.org\/magasin\/produit\/terre-de-sommiere-400-gr\/","title":{"rendered":"Terre de sommi\u00e8re 400 gr"},"content":{"rendered":"","protected":false},"excerpt":{"rendered":"<p>La terre de Sommi\u00e8res est le d\u00e9tachant \u00e0 avoir sous la main. De par son grand pouvoir absorbant, elle est particuli\u00e8rement efficace pour traiter les taches grasses sans laisser d&rsquo;aur\u00e9ole sur de multiples surfaces de la maison tout en respectant l&rsquo;environnement.<\/p>\n<p>D\u00e9couverte au d\u00e9but du XIXe si\u00e8cle, dans le village de Sommi\u00e8res, pr\u00e8s de Montpellier, la terre de Sommi\u00e8res se pr\u00e9sente sous la forme d&rsquo;une poudre argileuse ultrafine, le plus souvent de couleur ocre, vert ou beige. Elle s&rsquo;utilisait initialement pour d\u00e9graisser les laines par absorption des corps gras.<\/p>\n<p>Longtemps exploit\u00e9e de fa\u00e7on artisanale, elle est aujourd&rsquo;hui extraite du bassin M\u00e9diterran\u00e9en, notamment au Maroc o\u00f9 elle est plus connue sous le nom de &lt;&lt; Savon de Fez &gt;&gt;. En France, on l&rsquo;appelait aussi &lt;&lt; pierre de taches &gt;&gt;. Des surnoms qui en disent long sur ses propri\u00e9t\u00e9s&#8230;<\/p>\n<p>Avantages de la terre de Sommi\u00e8res<br \/>\nD\u00e9tachant polyvalent \u00e0 sec.<br \/>\nAbsorbe les taches de corps gras (beurre, huile, maquillage, gasoil&#8230; sans laisser d&rsquo;aur\u00e9ole.<br \/>\nNeutralise les taches et les odeurs persistantes (urine, vin&#8230;).<br \/>\nArgile 100% naturelle.<br \/>\nNon inflammable.<br \/>\nNon toxique pour l&rsquo;environnement.<\/p>\n<p>En poudre d\u00e9tachante \u00e0 sec<\/p>\n<p>La terre de Sommi\u00e8res s&rsquo;utilise sur de nombreuses surfaces fragiles, telles que les textiles, les tissus d&rsquo;ameublement, les tapis, les cuirs, les marbres, l&rsquo;\u00e9b\u00e9nisterie, parquets et carrelages&#8230;<\/p>\n<p>\u00c9liminer au pr\u00e9alable l&rsquo;exc\u00e9dent de la tache de gras ou de liquide \u00e0 l&rsquo;aide d&rsquo;un papier absorbant. Agir vite pour ne pas laisser la tache s&rsquo;impr\u00e9gner.<\/p>\n<p>Saupoudrer en quantit\u00e9 la terre de Sommi\u00e8res sur toute l&rsquo;\u00e9tendue de la tache sans frotter, et laisser agir 2 \u00e0 3 heures minimum.<\/p>\n<p>Ensuite, frotter et tamponner d\u00e9licatement, puis aspirer la poudre pour l&rsquo;\u00e9liminer \u00e0 l&rsquo;aide d&rsquo;un aspirateur.<\/p>\n<p>Sur des taches difficiles ou anciennes, renouveler l&rsquo;op\u00e9ration en laissant agir plus longtemps jusqu&rsquo;\u00e0 absorption compl\u00e8te.<\/p>\n<p>En savon d\u00e9tachant<\/p>\n<p>Additionner 5 cuill\u00e8res \u00e0 soupe de terre de Sommi\u00e8res, 1 cuill\u00e8re \u00e0 soupe de savon de Marseille en paillettes et un peu d&rsquo;eau chaude. M\u00e9langer le tout dans un r\u00e9cipient pour former une p\u00e2te compacte et lisse. Placer la p\u00e2te dans un bocal ou une bassine et laisser s\u00e9cher \u00e0 l&rsquo;air libre. La p\u00e2te se solidifie et devient un morceau de savon.<\/p>\n<p>\u00c0 appliquer sur des taches difficiles (bricolage, m\u00e9canique).<\/p>\n<p>Utile pour frotter une tache r\u00e9calcitrante sur du linge, avant un lavage en machine, et pour nettoyer les sols.<\/p>\n","protected":false},"featured_media":11581,"comment_status":"closed","ping_status":"closed","template":"","meta":[],"product_cat":[324],"product_tag":[],"supplier_id":24929,"supplier_sku":"","atum_controlled":true,"out_stock_date":null,"out_stock_threshold":null,"inheritable":false,"inbound_stock":0,"stock_on_hold":0,"sold_today":0,"sales_last_days":0,"out_stock_days":0,"lost_sales":0,"has_location":false,"update_date":"2026-04-18T22:14:17","atum_locations":[],"atum_stock_status":"instock","restock_status":false,"low_stock_amount":"","sales_update_date":"2026-04-18T22:14:16","calc_backorders":0,"_links":{"self":[{"href":"https:\/\/www.epicerie-lasource.org\/magasin\/wp-json\/wp\/v2\/product\/11580"}],"collection":[{"href":"https:\/\/www.epicerie-lasource.org\/magasin\/wp-json\/wp\/v2\/product"}],"about":[{"href":"https:\/\/www.epicerie-lasource.org\/magasin\/wp-json\/wp\/v2\/types\/product"}],"replies":[{"embeddable":true,"href":"https:\/\/www.epicerie-lasource.org\/magasin\/wp-json\/wp\/v2\/comments?post=11580"}],"wp:featuredmedia":[{"embeddable":true,"href":"https:\/\/www.epicerie-lasource.org\/magasin\/wp-json\/wp\/v2\/media\/11581"}],"wp:attachment":[{"href":"https:\/\/www.epicerie-lasource.org\/magasin\/wp-json\/wp\/v2\/media?parent=11580"}],"wp:term":[{"taxonomy":"product_cat","embeddable":true,"href":"https:\/\/www.epicerie-lasource.org\/magasin\/wp-json\/wp\/v2\/product_cat?post=11580"},{"taxonomy":"product_tag","embeddable":true,"href":"https:\/\/www.epicerie-lasource.org\/magasin\/wp-json\/wp\/v2\/product_tag?post=11580"}],"curies":[{"name":"wp","href":"https:\/\/api.w.org\/{rel}","templated":true}]}}