{"id":11508,"date":"2020-09-15T14:19:28","date_gmt":"2020-09-15T12:19:28","guid":{"rendered":"https:\/\/www.epicerie-lasource.org\/magasin\/?post_type=product&#038;p=11508"},"modified":"2026-04-13T11:20:15","modified_gmt":"2026-04-13T09:20:15","slug":"cereales-petit-dejeuner-krounchy-3-chocolats-grillon-dor-bio-vrac-au-choix-au-kilo","status":"publish","type":"product","link":"https:\/\/www.epicerie-lasource.org\/magasin\/produit\/cereales-petit-dejeuner-krounchy-3-chocolats-grillon-dor-bio-vrac-au-choix-au-kilo\/","title":{"rendered":"Vrac- C\u00e9r\u00e9ales Krounchy 3 chocolats Grillon d Or Bio"},"content":{"rendered":"","protected":false},"excerpt":{"rendered":"<p>C\u00e9r\u00e9ales Petit d\u00e9jeuner KROUNCHY 3 chocolats Grillon d&rsquo;Or BIO VRAC au choix (au kilo)<\/p>\n<p><strong>Ingr\u00e9dients :<\/strong>\u00a0Flocons de c\u00e9r\u00e9ales* 42,8% (avoine*, bl\u00e9*, orge*), billettes de c\u00e9r\u00e9ales* (riz*, bl\u00e9*, avoine*, sucre de canne non raffin\u00e9*, sel), sucre de canne non raffin\u00e9*, chocolat* 9% (chocolat noir* 3% [masse de cacao*, sucre de canne*, beurre de cacao*], chocolat au lait* 3% [sucre de canne*, poudre de lait entier*, masse de cacao*, beurre de cacao*, poudre de lactos\u00e9rum*, l\u00e9cithines de tournesol*], chocolat blanc* 3% [sucre de canne*, beurre de cacao*, poudre de lait entier*]), huile de tournesol*, sirop de riz* (extraits de riz*, eau), farine de bl\u00e9*, vanille*.<\/p>\n<p>*Ingr\u00e9dients issus de l\u2019Agriculture Biologique.<\/p>\n<p><strong>Valeurs nutritionnelles (pour 100g) :\u00a0<\/strong><\/p>\n<p>Valeur \u00e9nerg\u00e9tique 1822kJ\/434kcal<br \/>\nMati\u00e8res grasses 14.8g<br \/>\ndont acides grassatur\u00e9s 3.9g<br \/>\nGlucides 64.1g<br \/>\ndont sucre 22.6g<br \/>\nFibres alimentaires 6.4g<br \/>\nProt\u00e9ines 7.8g<br \/>\nSel 0.07g<br \/>\n<strong><br \/>\nAlelrg\u00e8nes : <\/strong>Fabriqu\u00e9 dans un atelier qui utilise des fruits \u00e0 coque, du soja, des graines de s\u00e9same et de l&rsquo;arachide.<\/p>\n","protected":false},"featured_media":24990,"comment_status":"closed","ping_status":"closed","template":"","meta":[],"product_cat":[715,64,695],"product_tag":[],"supplier_id":null,"supplier_sku":"","atum_controlled":true,"out_stock_date":null,"out_stock_threshold":null,"inheritable":true,"inbound_stock":0,"stock_on_hold":0,"sold_today":0,"sales_last_days":0,"out_stock_days":0,"lost_sales":0,"has_location":false,"update_date":"2026-04-28T22:23:05","atum_locations":[],"atum_stock_status":"onbackorder","restock_status":false,"low_stock_amount":1,"sales_update_date":"2026-04-28T22:23:05","calc_backorders":-28.24,"_links":{"self":[{"href":"https:\/\/www.epicerie-lasource.org\/magasin\/wp-json\/wp\/v2\/product\/11508"}],"collection":[{"href":"https:\/\/www.epicerie-lasource.org\/magasin\/wp-json\/wp\/v2\/product"}],"about":[{"href":"https:\/\/www.epicerie-lasource.org\/magasin\/wp-json\/wp\/v2\/types\/product"}],"replies":[{"embeddable":true,"href":"https:\/\/www.epicerie-lasource.org\/magasin\/wp-json\/wp\/v2\/comments?post=11508"}],"wp:featuredmedia":[{"embeddable":true,"href":"https:\/\/www.epicerie-lasource.org\/magasin\/wp-json\/wp\/v2\/media\/24990"}],"wp:attachment":[{"href":"https:\/\/www.epicerie-lasource.org\/magasin\/wp-json\/wp\/v2\/media?parent=11508"}],"wp:term":[{"taxonomy":"product_cat","embeddable":true,"href":"https:\/\/www.epicerie-lasource.org\/magasin\/wp-json\/wp\/v2\/product_cat?post=11508"},{"taxonomy":"product_tag","embeddable":true,"href":"https:\/\/www.epicerie-lasource.org\/magasin\/wp-json\/wp\/v2\/product_tag?post=11508"}],"curies":[{"name":"wp","href":"https:\/\/api.w.org\/{rel}","templated":true}]}}