{"id":11490,"date":"2020-09-15T13:55:24","date_gmt":"2020-09-15T11:55:24","guid":{"rendered":"https:\/\/www.epicerie-lasource.org\/magasin\/?post_type=product&#038;p=11490"},"modified":"2026-04-15T19:59:51","modified_gmt":"2026-04-15T17:59:51","slug":"olives-vertes-denoyautees-bio-bocal-350grs","status":"publish","type":"product","link":"https:\/\/www.epicerie-lasource.org\/magasin\/produit\/olives-vertes-denoyautees-bio-bocal-350grs\/","title":{"rendered":"Olives vertes d\u00e9noyaut\u00e9es BIO Bocal 350grs"},"content":{"rendered":"","protected":false},"excerpt":{"rendered":"<p>Olives vertes d\u00e9noyaut\u00e9es BIO Bocal 350grs<\/p>\n<p><strong>Caract\u00e9ristiques<\/strong>\u00a0:olives grecques \u00a0vari\u00e9t\u00e9 \u00ab\u00a0Konservolia\u00a0\u00bb, cueillies \u00e0 la main, pr\u00e9par\u00e9es selon la m\u00e9thode grecque (sans soude caustique) et d\u00e9noyaut\u00e9es.<\/p>\n<p><strong>Composition<\/strong>: olives vertes (58%), eau, sel.<\/p>\n<p><strong>Suggestion<\/strong>: conserver au r\u00e9frig\u00e9rateur apr\u00e8s ouverture.<\/p>\n","protected":false},"featured_media":24614,"comment_status":"closed","ping_status":"closed","template":"","meta":[],"product_cat":[708],"product_tag":[],"supplier_id":23768,"supplier_sku":"","atum_controlled":true,"out_stock_date":null,"out_stock_threshold":null,"inheritable":false,"inbound_stock":0,"stock_on_hold":0,"sold_today":0,"sales_last_days":2,"out_stock_days":0,"lost_sales":0,"has_location":false,"update_date":"2026-04-28T22:22:06","atum_locations":[],"atum_stock_status":"onbackorder","restock_status":false,"low_stock_amount":"","sales_update_date":"2026-04-28T22:22:06","calc_backorders":-25,"_links":{"self":[{"href":"https:\/\/www.epicerie-lasource.org\/magasin\/wp-json\/wp\/v2\/product\/11490"}],"collection":[{"href":"https:\/\/www.epicerie-lasource.org\/magasin\/wp-json\/wp\/v2\/product"}],"about":[{"href":"https:\/\/www.epicerie-lasource.org\/magasin\/wp-json\/wp\/v2\/types\/product"}],"replies":[{"embeddable":true,"href":"https:\/\/www.epicerie-lasource.org\/magasin\/wp-json\/wp\/v2\/comments?post=11490"}],"wp:featuredmedia":[{"embeddable":true,"href":"https:\/\/www.epicerie-lasource.org\/magasin\/wp-json\/wp\/v2\/media\/24614"}],"wp:attachment":[{"href":"https:\/\/www.epicerie-lasource.org\/magasin\/wp-json\/wp\/v2\/media?parent=11490"}],"wp:term":[{"taxonomy":"product_cat","embeddable":true,"href":"https:\/\/www.epicerie-lasource.org\/magasin\/wp-json\/wp\/v2\/product_cat?post=11490"},{"taxonomy":"product_tag","embeddable":true,"href":"https:\/\/www.epicerie-lasource.org\/magasin\/wp-json\/wp\/v2\/product_tag?post=11490"}],"curies":[{"name":"wp","href":"https:\/\/api.w.org\/{rel}","templated":true}]}}

Olives vertes dénoyautées BIO Bocal 350grs

<p>Olives vertes dénoyautées BIO Bocal 350grs</p>
<p><strong>Caractéristiques</strong> :olives grecques  variété « Konservolia », cueillies à la main, préparées selon la méthode grecque (sans soude caustique) et dénoyautées.</p>
<p><strong>Composition</strong>: olives vertes (58%), eau, sel.</p>
<p><strong>Suggestion</strong>: conserver au réfrigérateur après ouverture.</p>
