{"id":11489,"date":"2020-09-15T13:54:23","date_gmt":"2020-09-15T11:54:23","guid":{"rendered":"https:\/\/www.epicerie-lasource.org\/magasin\/?post_type=product&#038;p=11489"},"modified":"2026-03-18T17:44:53","modified_gmt":"2026-03-18T16:44:53","slug":"olives-vertes-farcies-aux-amandes-bio-bocal-350grs","status":"publish","type":"product","link":"https:\/\/www.epicerie-lasource.org\/magasin\/produit\/olives-vertes-farcies-aux-amandes-bio-bocal-350grs\/","title":{"rendered":"Olives vertes farcies aux amandes BIO Bocal 350grs"},"content":{"rendered":"","protected":false},"excerpt":{"rendered":"<p>Olives vertes farcies aux amandes BIO Bocal 350grs<\/p>\n<p><strong>Composition<\/strong>: olives vertes (47%), eau, amandes (11%), sel<\/p>\n<p><strong>Caract\u00e9ristiques<\/strong>\u00a0:olives grecques \u00a0vari\u00e9t\u00e9 \u00ab\u00a0Konservolia\u00a0\u00bb, cueillies \u00e0 la main, pr\u00e9par\u00e9es selon la m\u00e9thode grecque (sans soude caustique) et d\u00e9licatement farcies \u00e0 l&rsquo;amande.<\/p>\n<p><strong>Suggestion<\/strong>: conserver au r\u00e9frig\u00e9rateur apr\u00e8s ouverture.<\/p>\n","protected":false},"featured_media":24615,"comment_status":"closed","ping_status":"closed","template":"","meta":[],"product_cat":[708],"product_tag":[],"supplier_id":23768,"supplier_sku":"","atum_controlled":true,"out_stock_date":null,"out_stock_threshold":null,"inheritable":false,"inbound_stock":0,"stock_on_hold":0,"sold_today":0,"sales_last_days":0,"out_stock_days":0,"lost_sales":0,"has_location":false,"update_date":"2026-04-28T22:24:15","atum_locations":[],"atum_stock_status":"onbackorder","restock_status":false,"low_stock_amount":"","sales_update_date":"2026-04-28T22:24:15","calc_backorders":-1,"_links":{"self":[{"href":"https:\/\/www.epicerie-lasource.org\/magasin\/wp-json\/wp\/v2\/product\/11489"}],"collection":[{"href":"https:\/\/www.epicerie-lasource.org\/magasin\/wp-json\/wp\/v2\/product"}],"about":[{"href":"https:\/\/www.epicerie-lasource.org\/magasin\/wp-json\/wp\/v2\/types\/product"}],"replies":[{"embeddable":true,"href":"https:\/\/www.epicerie-lasource.org\/magasin\/wp-json\/wp\/v2\/comments?post=11489"}],"wp:featuredmedia":[{"embeddable":true,"href":"https:\/\/www.epicerie-lasource.org\/magasin\/wp-json\/wp\/v2\/media\/24615"}],"wp:attachment":[{"href":"https:\/\/www.epicerie-lasource.org\/magasin\/wp-json\/wp\/v2\/media?parent=11489"}],"wp:term":[{"taxonomy":"product_cat","embeddable":true,"href":"https:\/\/www.epicerie-lasource.org\/magasin\/wp-json\/wp\/v2\/product_cat?post=11489"},{"taxonomy":"product_tag","embeddable":true,"href":"https:\/\/www.epicerie-lasource.org\/magasin\/wp-json\/wp\/v2\/product_tag?post=11489"}],"curies":[{"name":"wp","href":"https:\/\/api.w.org\/{rel}","templated":true}]}}

<p>Olives vertes farcies aux amandes BIO Bocal 350grs</p>
<p><strong>Composition</strong>: olives vertes (47%), eau, amandes (11%), sel</p>
<p><strong>Caractéristiques</strong> :olives grecques  variété « Konservolia », cueillies à la main, préparées selon la méthode grecque (sans soude caustique) et délicatement farcies à l&rsquo;amande.</p>
<p><strong>Suggestion</strong>: conserver au réfrigérateur après ouverture.</p>
