{"id":11479,"date":"2020-09-15T13:46:17","date_gmt":"2020-09-15T11:46:17","guid":{"rendered":"https:\/\/www.epicerie-lasource.org\/magasin\/?post_type=product&#038;p=11479"},"modified":"2026-03-01T18:14:35","modified_gmt":"2026-03-01T17:14:35","slug":"tomates-sechees-sparta-bio-bocal-280grs","status":"publish","type":"product","link":"https:\/\/www.epicerie-lasource.org\/magasin\/produit\/tomates-sechees-sparta-bio-bocal-280grs\/","title":{"rendered":"Tomates s\u00e9ch\u00e9es Sparta BIO Bocal 280grs"},"content":{"rendered":"","protected":false},"excerpt":{"rendered":"<p>Tomates s\u00e9ch\u00e9es Sparta BIO Bocal 280grs<\/p>\n<p><strong>Caract\u00e9ristiques<\/strong> :produit grec issu de l&rsquo;agriculture biologique certifi\u00e9e.<\/p>\n<p><strong>Composition<\/strong>: tomates r\u00e9hydrat\u00e9es, huile d&rsquo;olive, vinaigre, basilic, laurier, romarin.<\/p>\n<p><strong>Utilisation<\/strong>: ap\u00e9ritif, dans les p\u00e2tes ou le riz, en omelette, dans un cake sal\u00e9, avec le gigot ou le poulet roti &#8230; il y a mille et une fa\u00e7ons de d\u00e9guster ces superbes tomates s\u00e9ch\u00e9es !<\/p>\n","protected":false},"featured_media":11530,"comment_status":"closed","ping_status":"closed","template":"","meta":[],"product_cat":[708],"product_tag":[],"supplier_id":23768,"supplier_sku":"","atum_controlled":true,"out_stock_date":null,"out_stock_threshold":null,"inheritable":false,"inbound_stock":0,"stock_on_hold":0,"sold_today":0,"sales_last_days":0,"out_stock_days":0,"lost_sales":0,"has_location":false,"update_date":"2026-04-28T22:24:16","atum_locations":[],"atum_stock_status":"onbackorder","restock_status":false,"low_stock_amount":"","sales_update_date":"2026-04-28T22:24:15","calc_backorders":-23,"_links":{"self":[{"href":"https:\/\/www.epicerie-lasource.org\/magasin\/wp-json\/wp\/v2\/product\/11479"}],"collection":[{"href":"https:\/\/www.epicerie-lasource.org\/magasin\/wp-json\/wp\/v2\/product"}],"about":[{"href":"https:\/\/www.epicerie-lasource.org\/magasin\/wp-json\/wp\/v2\/types\/product"}],"replies":[{"embeddable":true,"href":"https:\/\/www.epicerie-lasource.org\/magasin\/wp-json\/wp\/v2\/comments?post=11479"}],"wp:featuredmedia":[{"embeddable":true,"href":"https:\/\/www.epicerie-lasource.org\/magasin\/wp-json\/wp\/v2\/media\/11530"}],"wp:attachment":[{"href":"https:\/\/www.epicerie-lasource.org\/magasin\/wp-json\/wp\/v2\/media?parent=11479"}],"wp:term":[{"taxonomy":"product_cat","embeddable":true,"href":"https:\/\/www.epicerie-lasource.org\/magasin\/wp-json\/wp\/v2\/product_cat?post=11479"},{"taxonomy":"product_tag","embeddable":true,"href":"https:\/\/www.epicerie-lasource.org\/magasin\/wp-json\/wp\/v2\/product_tag?post=11479"}],"curies":[{"name":"wp","href":"https:\/\/api.w.org\/{rel}","templated":true}]}}

Tomates séchées Sparta BIO Bocal 280grs

<p>Tomates séchées Sparta BIO Bocal 280grs</p>
<p><strong>Caractéristiques</strong> :produit grec issu de l&rsquo;agriculture biologique certifiée.</p>
<p><strong>Composition</strong>: tomates réhydratées, huile d&rsquo;olive, vinaigre, basilic, laurier, romarin.</p>
<p><strong>Utilisation</strong>: apéritif, dans les pâtes ou le riz, en omelette, dans un cake salé, avec le gigot ou le poulet roti &#8230; il y a mille et une façons de déguster ces superbes tomates séchées !</p>
