{"id":11477,"date":"2020-09-15T13:45:32","date_gmt":"2020-09-15T11:45:32","guid":{"rendered":"https:\/\/www.epicerie-lasource.org\/magasin\/?post_type=product&#038;p=11477"},"modified":"2026-04-13T11:51:35","modified_gmt":"2026-04-13T09:51:35","slug":"tapenade-kalamata-sparta-bio-210grs","status":"publish","type":"product","link":"https:\/\/www.epicerie-lasource.org\/magasin\/produit\/tapenade-kalamata-sparta-bio-210grs\/","title":{"rendered":"Tapenade Kalamata Sparta BIO 210grs"},"content":{"rendered":"","protected":false},"excerpt":{"rendered":"<p>Tapenade Kalamata Sparta BIO 210grs<\/p>\n<p>Ingr\u00e9dients:<br \/>\nOlives de Kalamata (AOC kalamon)*, huile d&rsquo;olive extra vierge*, ail*, origan*.<br \/>\n<em>*Produits issus de l&rsquo;Agriculture Biologique.<\/em><\/p>\n<p>Conservation:<br \/>\nA conserver \u00e0 temp\u00e9rateure ambiante.<br \/>\nApr\u00e8s ouverture, conserver au r\u00e9frig\u00e9rateur et consommer rapidement.<\/p>\n","protected":false},"featured_media":11528,"comment_status":"closed","ping_status":"closed","template":"","meta":[],"product_cat":[708],"product_tag":[],"supplier_id":23768,"supplier_sku":"","atum_controlled":true,"out_stock_date":null,"out_stock_threshold":null,"inheritable":false,"inbound_stock":0,"stock_on_hold":0,"sold_today":0,"sales_last_days":2,"out_stock_days":0,"lost_sales":0,"has_location":false,"update_date":"2026-04-28T22:23:05","atum_locations":[],"atum_stock_status":"instock","restock_status":false,"low_stock_amount":2,"sales_update_date":"2026-04-28T22:23:05","calc_backorders":0,"_links":{"self":[{"href":"https:\/\/www.epicerie-lasource.org\/magasin\/wp-json\/wp\/v2\/product\/11477"}],"collection":[{"href":"https:\/\/www.epicerie-lasource.org\/magasin\/wp-json\/wp\/v2\/product"}],"about":[{"href":"https:\/\/www.epicerie-lasource.org\/magasin\/wp-json\/wp\/v2\/types\/product"}],"replies":[{"embeddable":true,"href":"https:\/\/www.epicerie-lasource.org\/magasin\/wp-json\/wp\/v2\/comments?post=11477"}],"wp:featuredmedia":[{"embeddable":true,"href":"https:\/\/www.epicerie-lasource.org\/magasin\/wp-json\/wp\/v2\/media\/11528"}],"wp:attachment":[{"href":"https:\/\/www.epicerie-lasource.org\/magasin\/wp-json\/wp\/v2\/media?parent=11477"}],"wp:term":[{"taxonomy":"product_cat","embeddable":true,"href":"https:\/\/www.epicerie-lasource.org\/magasin\/wp-json\/wp\/v2\/product_cat?post=11477"},{"taxonomy":"product_tag","embeddable":true,"href":"https:\/\/www.epicerie-lasource.org\/magasin\/wp-json\/wp\/v2\/product_tag?post=11477"}],"curies":[{"name":"wp","href":"https:\/\/api.w.org\/{rel}","templated":true}]}}